-4*o - 5*m - 551 = 0. Let c be 1/(-3) - 13927/(-57). Let n = o + c. What is the units digit of n?
5
Let a(g) = 28*g**2 + g + 3. Suppose 0 = 3*b - 9*z + 4*z - 21, -5*b - z = -7. What is the units digit of a(b)?
7
Suppose 23*m - 34*m - 660792 = -23*m. What is the tens digit of m?
6
What is the ten thousands digit of ((-1)/2)/(15 + -15 + (-2)/47884)?
1
Let r = -170 + 362. Let y = 359 - r. Let d = 254 - y. What is the tens digit of d?
8
Let b(j) = -59*j**2 - 2*j + 6. Let i be b(5). Let z = i - -2292. What is the tens digit of z?
1
Let l be ((-4)/16)/((-2)/(16/2)). Let c be (66/(-18) + 0)*(-5 - l). Let t = 53 + c. What is the tens digit of t?
7
Suppose 8*i + 15*i + 24817 = 0. Let d = 1944 + i. What is the hundreds digit of d?
8
Let k = -50 + 95. Suppose 11*f = 4*f + 17*f - 2240. Suppose k*q + f = 46*q. What is the hundreds digit of q?
2
Let o be 26/4*(0 - 2). What is the units digit of (-6385)/(-13) - (4 - (-50)/o)?
1
Suppose 10*j + 15*j = -11*j + 719424. What is the tens digit of j?
8
Let c(v) = -4*v - 66*v**2 - 11 + 68*v**2 - 1. What is the tens digit of c(-22)?
4
Let f(w) = -94*w + 3. Let j be f(-4). Let h = j - 164. What is the units digit of h?
5
Let w = -1 - 12. Let h(o) be the third derivative of -o**4/4 - 13*o**3/2 + 2*o**2 - 151*o. What is the units digit of h(w)?
9
Let w(d) = -35*d - 894. What is the tens digit of w(-47)?
5
Suppose -33*x + 194844 = 19*x. What is the units digit of x?
7
Let w(u) = 10*u**2 - 14*u + 49. Suppose -3*x + 4*p = -7*x + 32, -5*x + 4*p = -40. What is the units digit of w(x)?
7
Let i be 25*(267/5 + 40/(-100)). Let w = i + -799. What is the tens digit of w?
2
What is the tens digit of (20 - 246/12)*-18306?
5
Let w = 53 - 44. Suppose -400 = w*j - 19*j. Suppose 0 = -j*o + 36*o + 516. What is the units digit of o?
9
Suppose t = -37 + 105. Let a = 256 - t. What is the units digit of a?
8
Let q = -36745 + 52816. What is the thousands digit of q?
6
What is the tens digit of ((-6192)/108)/((-4)/1587)?
4
Suppose -4*k - 801*j + 805*j + 72796 = 0, -3*k + 54569 = j. What is the ten thousands digit of k?
1
Let h(a) = -146*a**2 - 2*a + 4. Let k be h(3). Suppose 45*z - 23399 = -8639. What is the tens digit of (-2)/(4 + k/z)?
6
Let z be ((-1792)/(-168))/((-1)/(-93)). Suppose 3001 = 3*l - f, -4*f = -l - 2*f + z. What is the hundreds digit of l?
0
Suppose 2*l = -4*y + 3808, 14*y - 962 = 13*y + 2*l. Suppose -61*r + 63*r = y. What is the hundreds digit of r?
4
Let d = 216 + -232. What is the units digit of 18*(-2)/d*4?
9
Suppose j + 5*k = -14, -3*j - 4*k = 46 + 40. Let r = 38 + j. Suppose -r*y = -4*t + 324, y + 5 = 2. What is the tens digit of t?
7
Let q(d) = -d**2 - 25*d - 149. Let z be q(-10). What is the hundreds digit of (2/11)/z + (-102928)/(-176)?
5
Let b = 27462 - 10846. Suppose 3*f + 28*f - b = 0. What is the units digit of f?
6
Let l(m) = m**2 + 12*m + 1012. Let p be (-2 + 2)*4/12*3. What is the thousands digit of l(p)?
1
Suppose 3170 = 3*n - 4*c, 2912 + 270 = 3*n - c. Suppose m - 6*d + d - 538 = 0, 4*d = -2*m + n. What is the units digit of m?
3
Suppose 4*a - 50 = -410. Let o = -88 - a. What is the units digit of ((-1)/o)/(2/(-480))?
0
Suppose -2*s = -8, 5*w = 4*w - 4*s + 193. Let t = w - -120. What is the hundreds digit of t?
2
Suppose -4*w = -5*s + 29, s - 2*s - w + 4 = 0. Suppose -4*h = -s*k + 1564, -5*k - 3*h = -10*k + 1563. What is the hundreds digit of k?
3
Let g(q) = 32529*q**2 + 125*q + 119. What is the ten thousands digit of g(-1)?
3
Suppose 749 = 30*j - 5851. Suppose 7*q = 11*q - j. What is the tens digit of q?
5
Suppose -8*c - 4*l + 324 = -4*c, -2*l = 0. What is the tens digit of 91476/c + 1/(-3)?
2
Let r be 198/165*((-39)/(-9) + -1). Suppose 6382 = r*t + 38*y - 36*y, 0 = 4*t - 5*y - 6403. What is the tens digit of t?
9
Suppose 4902 = f + f + f. What is the tens digit of f?
3
Let c(y) = y**3 - 7*y**2 - 68*y - 14. What is the hundreds digit of c(21)?
7
Let j = -387 - -389. Suppose 5*i + j*v - 3670 = 0, 7*i - 3*v - 2223 = 4*i. What is the units digit of i?
6
Suppose 0 = 836*o - 847*o + 496034. What is the ten thousands digit of o?
4
Suppose -o + 462 = -195. Let j = -130 + 133. Suppose 4*k = y + o, 0*y - y = -j. What is the units digit of k?
5
Suppose 209610 = 56*s - 1055238 + 95904. What is the hundreds digit of s?
8
Let m = -125 - -79. Let p = m - -219. What is the hundreds digit of p?
1
Let t(i) be the second derivative of 43*i**3/6 - 37*i**2 - 9*i - 3. What is the units digit of t(13)?
5
Suppose 39*m = -3*r + 42*m + 5475, -3*r - 5*m = -5427. What is the thousands digit of r?
1
Suppose -8*z + j + 59463 = 0, 7496 + 7396 = 2*z - 4*j. What is the hundreds digit of z?
4
What is the thousands digit of 24/3*(329640/32)/15?
5
Suppose -11 = -w - 2*n - 52, -5*w = -3*n + 179. Let o be -7*(2 - (-320)/14). Let z = w - o. What is the tens digit of z?
3
Let x(w) = -397 + 796 - 414 - 10*w + 59*w**2. What is the tens digit of x(-2)?
4
Let k(g) = g**2 + 2*g + 4. Let q be k(0). Suppose -5*m - 26 = -4*p, -2*p + 6 = -2*m + 3*m. What is the units digit of q - (-24 - (-6)/m)?
1
Suppose -9*k + 10 = -14*k. Let g be (-10 + 9)/(k/24). What is the tens digit of (-2*1)/((-7)/(1890/g))?
4
Suppose 3 = 3*b, 9*b = -4*s + 11*b + 1326. Let f = 684 - s. What is the tens digit of f?
5
Let q(k) = 6*k**2 + 53*k - 1067. What is the thousands digit of q(46)?
4
Suppose -31*a + 14823 = -522. Let w = 885 - a. What is the tens digit of w?
9
Suppose -5*i = 2*x - 30732 - 3396, x - 3*i = 17031. What is the units digit of x?
9
Let b = -1 + 3. Suppose -b*r + 268 = 2*r. Suppose 2*y - 4*h - 49 = r, 5*y - 326 = -2*h. What is the units digit of y?
4
Suppose 45*k - 44*k - 5*w = -177, -3*w = 2*k + 341. Let b = 834 + k. What is the tens digit of b?
6
Let p be (-2)/6*(1 - 4)*157. Let n = 1026 - p. What is the tens digit of n?
6
Let z(p) = p**2 - 6*p - 72. Let r be z(14). Let j(h) = 24*h + 18. What is the units digit of j(r)?
8
Let x = 24 + -11. Suppose -k = 5*f + x, 6*f = 5*k + 4*f - 16. Suppose 0 = -k*g + 4*g - 158. What is the tens digit of g?
7
Suppose 0 = 5*q + 2*v - 99160, -289*q = -284*q + v - 99165. What is the tens digit of q?
3
Suppose -170*o + 717497 = 116107 - 41720. What is the tens digit of o?
8
Suppose -5*v = -231 + 76. Suppose 3*g - f - 47 = 0, 0*g = -3*g + 5*f + v. Let y = g - -22. What is the units digit of y?
9
Suppose -4*d + 13 = -3*r + 34, d = -2*r + 3. Let m = r + 31. Suppose -m*h + 438 = -31*h. What is the hundreds digit of h?
1
What is the units digit of 30/45 + 225022/21?
6
Let z = -45 + 45. Let r be (-23 - -28)*(-47 + z). Let c = -100 - r. What is the hundreds digit of c?
1
What is the ten thousands digit of (17 + 572/(-33))/(0 + 4/(-601572))?
5
Let k(r) = -613*r**2 - 2*r + 3. Let y be k(1). Let d = y + 1414. What is the units digit of d?
2
Suppose 0 = -1601*r + 1589*r + 36. Let l(g) = g**2 - 2*g - 4. Let k be l(6). What is the hundreds digit of k/r*22*36/30?
1
Suppose 5 + 10 = 5*s. What is the units digit of s - 14/4 - 2247/(-6)?
4
Let m = 31567 - 20794. What is the hundreds digit of m?
7
Let q(g) = 10*g**2 + 55*g - 5. Let z be q(-6). Suppose 0 = z*t - 19681 - 22394. What is the thousands digit of t?
1
Suppose -7*w + 4*w - 45 = 0. Let k(z) = -7*z**2 - 143*z + 11. What is the tens digit of k(w)?
8
Let d(q) = 12 - 55*q + 20 + 46*q. What is the hundreds digit of d(-22)?
2
Suppose -4*v + 203584 = -q, 4*v + 513*q - 203584 = 518*q. What is the ten thousands digit of v?
5
Let x(c) = -64*c + 5. Suppose 2*u + 8 = -2. Let b(w) = 43*w - 3. Let a(d) = u*x(d) - 7*b(d). What is the tens digit of a(5)?
9
Let n(m) be the first derivative of 1/3*m**3 + 13/2*m**2 - 9 + 16*m. What is the units digit of n(-16)?
4
Let o(h) = -37*h**2 + 10*h - 45. Let z be o(7). Let t = z + 2543. What is the tens digit of t?
5
Suppose 3*b - 89 - 82 = 0. Let c(p) = -3*p**2 + 81 - 2*p + 36 + 125 - b. What is the tens digit of c(0)?
8
Let i(z) = -22*z**3 - 3*z**2 - 11*z + 1. What is the hundreds digit of i(-5)?
7
Suppose 0 = -7*t + 15 + 132. Suppose -t*v = -22*v + 191. Let f = -42 + v. What is the units digit of f?
9
Let u(h) = 27*h**2 + 16*h + 22. Let j be u(12). Let y be j/10 - (-3)/(-15). Suppose -4*t + y = t. What is the units digit of t?
2
Let b(l) = -72*l**3 - 6*l**2 - 15*l - 6. What is the units digit of b(-2)?
6
Suppose 0 = 4*h + 4*y - 113992, -216*h = -212*h - 5*y - 113929